mmon factor of 112442922 and 11454.
498
What is the highest common factor of 20 and 106202260?
20
Calculate the highest common divisor of 3819 and 2111368521.
3819
What is the greatest common factor of 7592576 and 2816?
128
Calculate the greatest common factor of 4105464 and 1518.
66
What is the greatest common factor of 45 and 58118295?
15
Calculate the greatest common divisor of 2698 and 133186.
2
What is the highest common divisor of 2738382 and 71219?
229
Calculate the greatest common factor of 19097 and 3822.
13
What is the greatest common factor of 8538 and 116667501?
4269
What is the greatest common divisor of 135432624 and 192?
48
Calculate the greatest common factor of 1608 and 4597704.
24
Calculate the highest common factor of 37291058 and 9184.
574
Calculate the greatest common factor of 304135 and 1105.
65
What is the greatest common factor of 37887 and 310907?
73
Calculate the greatest common divisor of 8 and 2459508.
4
Calculate the greatest common factor of 44748 and 918577.
1243
Calculate the greatest common divisor of 536 and 231016.
536
What is the greatest common divisor of 103863995 and 481?
37
Calculate the greatest common factor of 666848 and 893984.
2912
Calculate the greatest common factor of 5264918 and 25288.
218
What is the greatest common divisor of 259396299 and 2911?
2911
What is the greatest common divisor of 2372671851 and 33?
33
Calculate the highest common divisor of 2926361 and 3713.
47
Calculate the greatest common factor of 8 and 103960344.
8
Calculate the highest common factor of 1111 and 1501049.
11
Calculate the greatest common divisor of 50135873 and 714.
17
Calculate the greatest common divisor of 140827716 and 684.
36
What is the greatest common factor of 34211864 and 94?
94
What is the greatest common factor of 6536 and 329371916?
3268
What is the greatest common divisor of 34857461 and 6686?
3343
What is the greatest common divisor of 33683930 and 490?
70
Calculate the highest common divisor of 410570 and 750.
10
What is the greatest common divisor of 6896439 and 1221?
33
What is the greatest common factor of 4887518 and 1946?
278
What is the greatest common factor of 144 and 1363032?
72
What is the highest common divisor of 782107964 and 278?
278
What is the greatest common divisor of 1134 and 3207960?
126
Calculate the greatest common factor of 1641913 and 364.
91
Calculate the highest common divisor of 695175 and 372.
93
What is the highest common divisor of 5808632 and 3484?
268
Calculate the highest common factor of 2523 and 83481.
3
Calculate the highest common factor of 17055 and 12825495.
45
What is the highest common divisor of 24090150 and 30?
30
What is the greatest common factor of 4936833 and 50928?
3183
Calculate the greatest common factor of 27013104 and 1043.
149
Calculate the highest common divisor of 605 and 37330.
5
Calculate the highest common factor of 1468 and 15244.
4
Calculate the highest common factor of 62084281 and 3106.
1553
What is the highest common divisor of 13390 and 648570?
130
Calculate the highest common divisor of 21989 and 17369.
11
What is the highest common factor of 1361874 and 63540?
2118
Calculate the highest common factor of 5875 and 932245.
235
Calculate the greatest common factor of 505716288 and 1848.
1848
Calculate the greatest common divisor of 6585 and 5641875.
15
Calculate the highest common factor of 12432 and 558384.
48
Calculate the greatest common factor of 41 and 271467478.
41
Calculate the greatest common divisor of 218759 and 432424.
283
What is the greatest common factor of 20937046 and 26?
26
Calculate the highest common divisor of 613747 and 10.
1
Calculate the highest common divisor of 217744 and 11656.
248
Calculate the highest common factor of 4976 and 82032.
16
What is the greatest common divisor of 8 and 4900517?
1
Calculate the highest common divisor of 378752942 and 148.
74
What is the highest common divisor of 68 and 20766?
2
What is the greatest common divisor of 929024 and 2128?
304
What is the greatest common factor of 25391046 and 124?
62
What is the highest common factor of 314 and 27399012?
314
Calculate the greatest common factor of 92076 and 5076.
12
What is the greatest common factor of 379093 and 1008826?
3133
What is the highest common divisor of 3700 and 3503925?
25
What is the greatest common divisor of 1794 and 1741353?
69
Calculate the greatest common factor of 1116 and 688696.
124
Calculate the highest common factor of 550 and 140281900.
550
Calculate the greatest common divisor of 825 and 6239200.
275
What is the greatest common divisor of 76849 and 1369?
37
What is the greatest common factor of 216531 and 14259?
147
Calculate the highest common divisor of 365275248 and 2.
2
What is the greatest common factor of 12204 and 249579?
9
What is the highest common factor of 704 and 2624896?
64
Calculate the highest common factor of 948594 and 46.
2
What is the greatest common divisor of 22192 and 564556158?
2774
Calculate the greatest common factor of 177232 and 8240452.
836
Calculate the highest common divisor of 160 and 21611488.
32
What is the greatest common divisor of 61357711 and 341?
31
Calculate the highest common factor of 60 and 99785860.
20
Calculate the greatest common factor of 125385400 and 7000.
1400
What is the highest common factor of 3 and 282985158?
3
What is the highest common factor of 23 and 1720626734?
23
What is the greatest common divisor of 35146431 and 18?
9
Calculate the highest common factor of 224 and 132573712.
16
Calculate the highest common divisor of 136 and 3844168.
8
What is the greatest common divisor of 6349 and 3269?
7
What is the highest common divisor of 8660 and 19855648?
1732
What is the highest common factor of 2139 and 188301?
69
What is the highest common divisor of 20590 and 25127965?
355
Calculate the highest common factor of 8919704 and 72848.
232
Calculate the greatest common divisor of 4054 and 271697053.
2027
Calculate the highest common divisor of 113370 and 4800.
30
What is the greatest common factor of 29777 and 42493?
11
Calculate the highest common factor of 24905 and 166798747.
4981
What is the greatest common divisor of 56406660 and 2556?
852
Calculate the highest common divisor of 12932055 and 60410.
4315
What is the highest common divisor of 1845896150 and 25?
25
Calculate the greatest common factor of 2858726 and 46.
2
What is the highest common factor of 28141154 and 7752?
34
What is the greatest common divisor of 74327 and 9706213?
319
Calculate the highest common divisor of 24336 and 2164812.
156
What is the greatest common divisor of 3097414 and 47644?
554
What is the greatest common factor of 32000 and 10762000?
2000
Calculate the greatest common factor of 782072 and 1248.
8
What is the greatest common factor of 161754188 and 488?
244
What is the highest common factor of 2920 and 1785760?
40
What is the highest common factor of 26753 and 304639?
863
Calculate the greatest common factor of 25075 and 5063675.
1475
Calculate the highest common factor of 45801 and 41078408.
5089
What is the highest common factor of 2052 and 1083996?
108
What is the greatest common divisor of 7875 and 1812951?
63
Calculate the greatest common divisor of 2173 and 6620557.
41
What is the highest common factor of 6473700 and 54?
18
What is the highest common factor of 65149 and 1523683?
287
What is the highest common factor of 6248078 and 903584?
5134
What is the greatest common divisor of 5424144 and 132?
132
Calculate the highest common divisor of 6 and 14444787.
3
Calculate the greatest common factor of 1772727879 and 6513.
6513
Calculate the greatest common factor of 7381 and 25870283.
61
Calculate the highest common divisor of 13505 and 382765.
185
What is the greatest common divisor of 148456 and 1792?
56
Calculate the highest common factor of 45 and 2993842305.
45
What is the greatest common divisor of 3774 and 202415974?
1258
What is the greatest common factor of 238515 and 15?
15
Calculate the highest common divisor of 10441 and 331091.
53
Calculate the greatest common divisor of 138290 and 960.
10
Calculate the greatest common divisor of 17978 and 136348.
178
What is the greatest common factor of 306025111 and 7?
7
What is the highest common factor of 113796 and 27